{"id":11,"date":"2014-09-27T17:08:12","date_gmt":"2014-09-27T16:08:12","guid":{"rendered":"http:\/\/www.symphonie-florale.com\/fleuriste-juvignac-montpellier\/?page_id=11"},"modified":"2014-12-26T09:49:36","modified_gmt":"2014-12-26T08:49:36","slug":"presentation-compositions-florales","status":"publish","type":"page","link":"https:\/\/www.symphonie-florale.com\/fleuriste-juvignac-montpellier\/presentation-compositions-florales\/","title":{"rendered":"Pr\u00e9sentation"},"content":{"rendered":"<div class='flex_column av-av_one_full-2a9015ff38129c418a3f2eafba3e9512 av_one_full  avia-builder-el-0  el_before_av_heading  avia-builder-el-first  first flex_column_div '   ><section class=\"av_textblock_section \"  itemscope=\"itemscope\" itemtype=\"https:\/\/schema.org\/CreativeWork\" ><div class='avia_textblock  '   itemprop=\"text\" ><h2>Symphonie florale, sp\u00e9cialis\u00e9e en cr\u00e9ation de compositions florales<\/h2>\n<p>Symphonie Florale, votre sp\u00e9cialiste en composition d\u2019art florale sur Juvignac propose un choix multiple de cr\u00e9ations originales, modernes et raffin\u00e9es qui m\u00e9langent les fleurs, les couleurs, le bois naturel, les parfums en s\u2019adaptant \u00e0 vos envies et occasions :c\u00e9r\u00e9monies familiales, fleurs exotiques originales, bouquets de mari\u00e9e, bouquets ronds, gerbes, plantes exotiques, mini jardin de plantes d\u2019int\u00e9rieurs, bambous\u2026<\/p>\n<p><iframe loading=\"lazy\" src=\"\/\/player.vimeo.com\/video\/68392741?title=0&amp;byline=0&amp;portrait=0\" width=\"1020\" height=\"575\" frameborder=\"0\" allowfullscreen=\"allowfullscreen\"><\/iframe><\/p>\n<\/div><\/section><\/div>\n<style type=\"text\/css\" data-created_by=\"avia_inline_auto\" id=\"style-css-av-av_heading-9132c3d52ce830615167d79865650e9b\">\n#top .av-special-heading.av-av_heading-9132c3d52ce830615167d79865650e9b{\npadding-bottom:0px;\ncolor:#8ebc19;\nfont-size:30px;\n}\n.av-special-heading.av-av_heading-9132c3d52ce830615167d79865650e9b .special-heading-inner-border{\nborder-color:#8ebc19;\n}\n<\/style>\n<div  class='av-special-heading av-av_heading-9132c3d52ce830615167d79865650e9b av-special-heading-h2 custom-color-heading blockquote modern-quote  avia-builder-el-2  el_after_av_one_full  el_before_av_hr  av-inherit-size '><h2 class='av-special-heading-tag '  itemprop=\"headline\"  >Nos services<\/h2><div class='special-heading-border'><div class='special-heading-inner-border'><\/div><\/div><\/div><\/p>\n<div  class='hr av-av_hr-d324d9dd9b6a90b09557fdc7865c3ae1 hr-default  avia-builder-el-3  el_after_av_heading  el_before_av_one_half  '><span class='hr-inner '><span class=\"hr-inner-style\"><\/span><\/span><\/div>\n<div class='flex_column av-av_one_half-2a9015ff38129c418a3f2eafba3e9512 av_one_half  avia-builder-el-4  el_after_av_hr  el_before_av_one_half  first flex_column_div '   ><style type=\"text\/css\" data-created_by=\"avia_inline_auto\" id=\"style-css-av-av_heading-1649e44ff36ef05df742082239a7423f\">\n#top .av-special-heading.av-av_heading-1649e44ff36ef05df742082239a7423f{\npadding-bottom:10px;\ncolor:#bbbbbb;\nfont-size:30px;\n}\n.av-special-heading.av-av_heading-1649e44ff36ef05df742082239a7423f .special-heading-inner-border{\nborder-color:#bbbbbb;\n}\n.av-special-heading.av-av_heading-1649e44ff36ef05df742082239a7423f .av-subheading{\nfont-size:12px;\n}\n<\/style>\n<div  class='av-special-heading av-av_heading-1649e44ff36ef05df742082239a7423f av-special-heading-h3 custom-color-heading blockquote modern-quote  avia-builder-el-5  avia-builder-el-no-sibling  av-inherit-size '><h3 class='av-special-heading-tag '  itemprop=\"headline\"  >Parfums et Accessoires<\/h3><div class='av_custom_color av-subheading av-subheading_below '><p style=\"color: #fff;\">Pour accueillir vos compositions florales et d\u00e9corer votre int\u00e9rieur, nous proposons une collection d\u2019accessoires modernes et raffin\u00e9s (vases, pots\u2026) ainsi que des d\u00e9corations en bois naturel (lianes de bois naturel sur socle, console en bois naturel\u2026) disponible dans notre boutique.<\/p>\n<p style=\"color: #fff;\">Apportez une touche parfum\u00e9e \u00e0 votre int\u00e9rieur avec notre gamme de parfums d\u2019int\u00e9rieur Esteban.<\/p>\n<\/div><div class='special-heading-border'><div class='special-heading-inner-border'><\/div><\/div><\/div><\/div>\n<div class='flex_column av-av_one_half-61f1f3fb8a14755dafdb04b8bcedc67a av_one_half  avia-builder-el-6  el_after_av_one_half  el_before_av_one_half  flex_column_div '   ><style type=\"text\/css\" data-created_by=\"avia_inline_auto\" id=\"style-css-av-av_heading-0d134714253a7ccb5df6409484f1384e\">\n#top .av-special-heading.av-av_heading-0d134714253a7ccb5df6409484f1384e{\npadding-bottom:10px;\ncolor:#bbbbbb;\nfont-size:30px;\n}\n.av-special-heading.av-av_heading-0d134714253a7ccb5df6409484f1384e .special-heading-inner-border{\nborder-color:#bbbbbb;\n}\n.av-special-heading.av-av_heading-0d134714253a7ccb5df6409484f1384e .av-subheading{\nfont-size:12px;\n}\n<\/style>\n<div  class='av-special-heading av-av_heading-0d134714253a7ccb5df6409484f1384e av-special-heading-h3 custom-color-heading blockquote modern-quote  avia-builder-el-7  avia-builder-el-no-sibling  av-inherit-size '><h3 class='av-special-heading-tag '  itemprop=\"headline\"  >Ev\u00e8nements<\/h3><div class='av_custom_color av-subheading av-subheading_below '><p style=\"color: #fff;\">Pour que vos \u00e9v\u00e8nements restent inoubliables, Symphonie florale conceptionne et met en oeuvre tout son savoir faire cr\u00e9atif pour une composition florale unique.<\/p>\n<p style=\"color: #fff;\">Chacune de nos cr\u00e9ations florales sont adapt\u00e9es \u00e0 vos envies, vos messages et vos \u00e9v\u00e8nements.<\/p>\n<\/div><div class='special-heading-border'><div class='special-heading-inner-border'><\/div><\/div><\/div><\/div>\n<div class='flex_column av-av_one_half-2a9015ff38129c418a3f2eafba3e9512 av_one_half  avia-builder-el-8  el_after_av_one_half  el_before_av_one_half  first flex_column_div column-top-margin'   ><style type=\"text\/css\" data-created_by=\"avia_inline_auto\" id=\"style-css-av-av_heading-b53a0d2cfd372178aa54e2f97143a884\">\n#top .av-special-heading.av-av_heading-b53a0d2cfd372178aa54e2f97143a884{\npadding-bottom:10px;\ncolor:#bbbbbb;\nfont-size:30px;\n}\n.av-special-heading.av-av_heading-b53a0d2cfd372178aa54e2f97143a884 .special-heading-inner-border{\nborder-color:#bbbbbb;\n}\n.av-special-heading.av-av_heading-b53a0d2cfd372178aa54e2f97143a884 .av-subheading{\nfont-size:12px;\n}\n<\/style>\n<div  class='av-special-heading av-av_heading-b53a0d2cfd372178aa54e2f97143a884 av-special-heading-h3 custom-color-heading blockquote modern-quote  avia-builder-el-9  avia-builder-el-no-sibling  av-inherit-size '><h3 class='av-special-heading-tag '  itemprop=\"headline\"  >Livraison<\/h3><div class='av_custom_color av-subheading av-subheading_below '><p style=\"color: #fff;\">Nous livrons sur Montpellier et agglom\u00e9ration.<\/p>\n<p style=\"color: #fff;\">Service gratuit pour les communes de St Georges d\u2019Orques et Juvignac.<\/p>\n<\/div><div class='special-heading-border'><div class='special-heading-inner-border'><\/div><\/div><\/div><\/div>\n<div class='flex_column av-av_one_half-61f1f3fb8a14755dafdb04b8bcedc67a av_one_half  avia-builder-el-10  el_after_av_one_half  avia-builder-el-last  flex_column_div column-top-margin'   ><style type=\"text\/css\" data-created_by=\"avia_inline_auto\" id=\"style-css-av-av_heading-e581192e321e4707f059a2f95cf90176\">\n#top .av-special-heading.av-av_heading-e581192e321e4707f059a2f95cf90176{\npadding-bottom:10px;\ncolor:#bbbbbb;\nfont-size:30px;\n}\n.av-special-heading.av-av_heading-e581192e321e4707f059a2f95cf90176 .special-heading-inner-border{\nborder-color:#bbbbbb;\n}\n.av-special-heading.av-av_heading-e581192e321e4707f059a2f95cf90176 .av-subheading{\nfont-size:12px;\n}\n<\/style>\n<div  class='av-special-heading av-av_heading-e581192e321e4707f059a2f95cf90176 av-special-heading-h3 custom-color-heading blockquote modern-quote  avia-builder-el-11  avia-builder-el-no-sibling  av-inherit-size '><h3 class='av-special-heading-tag '  itemprop=\"headline\"  >Commande \u00e0 distance<\/h3><div class='av_custom_color av-subheading av-subheading_below '><p style=\"color: #fff;\">Vous ne pouvez pas vous d\u00e9placer ?<\/p>\n<p style=\"color: #fff;\">Nous prenons votre commande par t\u00e9l\u00e9phone au <strong>04 67 40 20 89<\/strong> et proc\u00e9dons au paiement \u00e0 distance par carte bancaire.<\/p>\n<p style=\"color: #fff;\">Nous acceptons le paiement par ch\u00e8que cadeaux.<\/p>\n<\/div><div class='special-heading-border'><div class='special-heading-inner-border'><\/div><\/div><\/div><\/div>\n","protected":false},"excerpt":{"rendered":"","protected":false},"author":1,"featured_media":0,"parent":0,"menu_order":0,"comment_status":"open","ping_status":"open","template":"","meta":[],"yoast_head":"<!-- This site is optimized with the Yoast SEO plugin v17.1 - https:\/\/yoast.com\/wordpress\/plugins\/seo\/ -->\n<title>compositions florales montpellier juvignac symphonie florale<\/title>\n<meta name=\"description\" content=\"Symphonie florale sur Juvignac vous propose un large choix de cr\u00e9ation en compositions florales, fleurs coup\u00e9es, objets de d\u00e9coration, parfum d&#039;int\u00e9rieur\" \/>\n<meta name=\"robots\" content=\"index, follow, max-snippet:-1, max-image-preview:large, max-video-preview:-1\" \/>\n<link rel=\"canonical\" href=\"https:\/\/www.symphonie-florale.com\/fleuriste-juvignac-montpellier\/presentation-compositions-florales\/\" \/>\n<meta property=\"og:locale\" content=\"fr_FR\" \/>\n<meta property=\"og:type\" content=\"article\" \/>\n<meta property=\"og:title\" content=\"compositions florales montpellier juvignac symphonie florale\" \/>\n<meta property=\"og:description\" content=\"Symphonie florale sur Juvignac vous propose un large choix de cr\u00e9ation en compositions florales, fleurs coup\u00e9es, objets de d\u00e9coration, parfum d&#039;int\u00e9rieur\" \/>\n<meta property=\"og:url\" content=\"https:\/\/www.symphonie-florale.com\/fleuriste-juvignac-montpellier\/presentation-compositions-florales\/\" \/>\n<meta property=\"og:site_name\" content=\"Symphonie Florale\" \/>\n<meta property=\"article:modified_time\" content=\"2014-12-26T08:49:36+00:00\" \/>\n<meta name=\"twitter:label1\" content=\"Dur\u00e9e de lecture est.\" \/>\n\t<meta name=\"twitter:data1\" content=\"2 minutes\" \/>\n<script type=\"application\/ld+json\" class=\"yoast-schema-graph\">{\"@context\":\"https:\/\/schema.org\",\"@graph\":[{\"@type\":\"WebSite\",\"@id\":\"https:\/\/www.symphonie-florale.com\/fleuriste-juvignac-montpellier\/#website\",\"url\":\"https:\/\/www.symphonie-florale.com\/fleuriste-juvignac-montpellier\/\",\"name\":\"Symphonie Florale\",\"description\":\"Fleuriste \\u00e0 Juvignac Montpellier\",\"potentialAction\":[{\"@type\":\"SearchAction\",\"target\":{\"@type\":\"EntryPoint\",\"urlTemplate\":\"https:\/\/www.symphonie-florale.com\/fleuriste-juvignac-montpellier\/?s={search_term_string}\"},\"query-input\":\"required name=search_term_string\"}],\"inLanguage\":\"fr-FR\"},{\"@type\":\"WebPage\",\"@id\":\"https:\/\/www.symphonie-florale.com\/fleuriste-juvignac-montpellier\/presentation-compositions-florales\/#webpage\",\"url\":\"https:\/\/www.symphonie-florale.com\/fleuriste-juvignac-montpellier\/presentation-compositions-florales\/\",\"name\":\"compositions florales montpellier juvignac symphonie florale\",\"isPartOf\":{\"@id\":\"https:\/\/www.symphonie-florale.com\/fleuriste-juvignac-montpellier\/#website\"},\"datePublished\":\"2014-09-27T16:08:12+00:00\",\"dateModified\":\"2014-12-26T08:49:36+00:00\",\"description\":\"Symphonie florale sur Juvignac vous propose un large choix de cr\\u00e9ation en compositions florales, fleurs coup\\u00e9es, objets de d\\u00e9coration, parfum d'int\\u00e9rieur\",\"breadcrumb\":{\"@id\":\"https:\/\/www.symphonie-florale.com\/fleuriste-juvignac-montpellier\/presentation-compositions-florales\/#breadcrumb\"},\"inLanguage\":\"fr-FR\",\"potentialAction\":[{\"@type\":\"ReadAction\",\"target\":[\"https:\/\/www.symphonie-florale.com\/fleuriste-juvignac-montpellier\/presentation-compositions-florales\/\"]}]},{\"@type\":\"BreadcrumbList\",\"@id\":\"https:\/\/www.symphonie-florale.com\/fleuriste-juvignac-montpellier\/presentation-compositions-florales\/#breadcrumb\",\"itemListElement\":[{\"@type\":\"ListItem\",\"position\":1,\"name\":\"Accueil\",\"item\":\"https:\/\/www.symphonie-florale.com\/fleuriste-juvignac-montpellier\/\"},{\"@type\":\"ListItem\",\"position\":2,\"name\":\"Pr\\u00e9sentation\"}]}]}<\/script>\n<!-- \/ Yoast SEO plugin. -->","yoast_head_json":{"title":"compositions florales montpellier juvignac symphonie florale","description":"Symphonie florale sur Juvignac vous propose un large choix de cr\u00e9ation en compositions florales, fleurs coup\u00e9es, objets de d\u00e9coration, parfum d'int\u00e9rieur","robots":{"index":"index","follow":"follow","max-snippet":"max-snippet:-1","max-image-preview":"max-image-preview:large","max-video-preview":"max-video-preview:-1"},"canonical":"https:\/\/www.symphonie-florale.com\/fleuriste-juvignac-montpellier\/presentation-compositions-florales\/","og_locale":"fr_FR","og_type":"article","og_title":"compositions florales montpellier juvignac symphonie florale","og_description":"Symphonie florale sur Juvignac vous propose un large choix de cr\u00e9ation en compositions florales, fleurs coup\u00e9es, objets de d\u00e9coration, parfum d'int\u00e9rieur","og_url":"https:\/\/www.symphonie-florale.com\/fleuriste-juvignac-montpellier\/presentation-compositions-florales\/","og_site_name":"Symphonie Florale","article_modified_time":"2014-12-26T08:49:36+00:00","twitter_misc":{"Dur\u00e9e de lecture est.":"2 minutes"},"schema":{"@context":"https:\/\/schema.org","@graph":[{"@type":"WebSite","@id":"https:\/\/www.symphonie-florale.com\/fleuriste-juvignac-montpellier\/#website","url":"https:\/\/www.symphonie-florale.com\/fleuriste-juvignac-montpellier\/","name":"Symphonie Florale","description":"Fleuriste \u00e0 Juvignac Montpellier","potentialAction":[{"@type":"SearchAction","target":{"@type":"EntryPoint","urlTemplate":"https:\/\/www.symphonie-florale.com\/fleuriste-juvignac-montpellier\/?s={search_term_string}"},"query-input":"required name=search_term_string"}],"inLanguage":"fr-FR"},{"@type":"WebPage","@id":"https:\/\/www.symphonie-florale.com\/fleuriste-juvignac-montpellier\/presentation-compositions-florales\/#webpage","url":"https:\/\/www.symphonie-florale.com\/fleuriste-juvignac-montpellier\/presentation-compositions-florales\/","name":"compositions florales montpellier juvignac symphonie florale","isPartOf":{"@id":"https:\/\/www.symphonie-florale.com\/fleuriste-juvignac-montpellier\/#website"},"datePublished":"2014-09-27T16:08:12+00:00","dateModified":"2014-12-26T08:49:36+00:00","description":"Symphonie florale sur Juvignac vous propose un large choix de cr\u00e9ation en compositions florales, fleurs coup\u00e9es, objets de d\u00e9coration, parfum d'int\u00e9rieur","breadcrumb":{"@id":"https:\/\/www.symphonie-florale.com\/fleuriste-juvignac-montpellier\/presentation-compositions-florales\/#breadcrumb"},"inLanguage":"fr-FR","potentialAction":[{"@type":"ReadAction","target":["https:\/\/www.symphonie-florale.com\/fleuriste-juvignac-montpellier\/presentation-compositions-florales\/"]}]},{"@type":"BreadcrumbList","@id":"https:\/\/www.symphonie-florale.com\/fleuriste-juvignac-montpellier\/presentation-compositions-florales\/#breadcrumb","itemListElement":[{"@type":"ListItem","position":1,"name":"Accueil","item":"https:\/\/www.symphonie-florale.com\/fleuriste-juvignac-montpellier\/"},{"@type":"ListItem","position":2,"name":"Pr\u00e9sentation"}]}]}},"_links":{"self":[{"href":"https:\/\/www.symphonie-florale.com\/fleuriste-juvignac-montpellier\/wp-json\/wp\/v2\/pages\/11"}],"collection":[{"href":"https:\/\/www.symphonie-florale.com\/fleuriste-juvignac-montpellier\/wp-json\/wp\/v2\/pages"}],"about":[{"href":"https:\/\/www.symphonie-florale.com\/fleuriste-juvignac-montpellier\/wp-json\/wp\/v2\/types\/page"}],"author":[{"embeddable":true,"href":"https:\/\/www.symphonie-florale.com\/fleuriste-juvignac-montpellier\/wp-json\/wp\/v2\/users\/1"}],"replies":[{"embeddable":true,"href":"https:\/\/www.symphonie-florale.com\/fleuriste-juvignac-montpellier\/wp-json\/wp\/v2\/comments?post=11"}],"version-history":[{"count":28,"href":"https:\/\/www.symphonie-florale.com\/fleuriste-juvignac-montpellier\/wp-json\/wp\/v2\/pages\/11\/revisions"}],"predecessor-version":[{"id":604,"href":"https:\/\/www.symphonie-florale.com\/fleuriste-juvignac-montpellier\/wp-json\/wp\/v2\/pages\/11\/revisions\/604"}],"wp:attachment":[{"href":"https:\/\/www.symphonie-florale.com\/fleuriste-juvignac-montpellier\/wp-json\/wp\/v2\/media?parent=11"}],"curies":[{"name":"wp","href":"https:\/\/api.w.org\/{rel}","templated":true}]}}