{"id":1786,"date":"2019-09-16T21:31:41","date_gmt":"2019-09-16T20:31:41","guid":{"rendered":"https:\/\/www.symphonie-florale.com\/fleuriste-juvignac-montpellier\/?page_id=1786"},"modified":"2019-09-17T12:57:28","modified_gmt":"2019-09-17T11:57:28","slug":"les-lianes-en-bois-naturel-exotique-montpellier","status":"publish","type":"page","link":"https:\/\/www.symphonie-florale.com\/fleuriste-juvignac-montpellier\/la-vitrine\/les-lianes-en-bois-naturel-exotique-montpellier\/","title":{"rendered":"Les lianes en bois naturel exotique"},"content":{"rendered":"\n<style type=\"text\/css\" data-created_by=\"avia_inline_auto\" id=\"style-css-av-j6xcl8-98659af3179e023e58126ed10db533c6\">\n.flex_column.av-j6xcl8-98659af3179e023e58126ed10db533c6{\nborder-radius:0px 0px 0px 0px;\n-webkit-border-radius:0px 0px 0px 0px;\n-moz-border-radius:0px 0px 0px 0px;\n}\n<\/style>\n<div class='flex_column av-j6xcl8-98659af3179e023e58126ed10db533c6 av_one_full  avia-builder-el-0  el_before_av_one_half  avia-builder-el-first  first no_margin flex_column_div av-zero-column-padding '   ><p><section class=\"av_textblock_section \"  itemscope=\"itemscope\" itemtype=\"https:\/\/schema.org\/CreativeWork\" ><div class='avia_textblock  '   itemprop=\"text\" ><p><span style=\"font-size: 12pt;\">Nous avons le plaisir de vous pr\u00e9senter notre pr\u00e9cieuse collection de<a href=\"https:\/\/www.symphonie-florale.com\/fleuriste-juvignac-montpellier\/la-vitrine\/les-objets-decoratifs\/\"> d\u00e9coration<\/a> \u00e0 base d&rsquo;\u00e9l\u00e9ments naturels : les lianes en bois naturel exotique.<\/span><\/p>\n<\/div><\/section><br \/>\n<section class=\"av_textblock_section \"  itemscope=\"itemscope\" itemtype=\"https:\/\/schema.org\/CreativeWork\" ><div class='avia_textblock  '   itemprop=\"text\" ><p style=\"text-align: justify;\"><span style=\"font-size: 12pt;\">De part leurs formes extr\u00eamement diverses, torsad\u00e9es, les lianes en bois naturel exotique ne vous laisseront pas indiff\u00e9rents. Leurs formes s&rsquo;expliquent par le fait qu&rsquo;elles grimpent le long des troncs d&rsquo;arbres. Elles peuvent aussi rester libres et suspendues aux branches de la voute foresti\u00e8re.<\/span><\/p>\n<p style=\"text-align: justify;\"><span style=\"font-size: 12pt;\">Issues des for\u00eats tropicales s\u00e8ches, pluvieuses ou nuageuses, les lianes ont une forme qui varie d\u2019une pi\u00e8ce \u00e0 l\u2019autre et permet de disposer d\u2019un aspect toujours unique et exclusif. Les lianes sont utilis\u00e9s pour la cr\u00e9ation de nombreux objets d\u00e9coratifs, tels que des consoles, des lampes, des cadres, des tables, des photophores&#8230; Elles peuvent servir \u00e9galement de s\u00e9paration dans une pi\u00e8ce.<\/span><\/p>\n<\/div><\/section><br \/>\n\n<style type=\"text\/css\" data-created_by=\"avia_inline_auto\" id=\"style-css-av-f9vrdo-b1adcfe2c68d1872ee8f4f25114b4fd6\">\n#top .hr.hr-invisible.av-f9vrdo-b1adcfe2c68d1872ee8f4f25114b4fd6{\nheight:50px;\n}\n<\/style>\n<div  class='hr av-f9vrdo-b1adcfe2c68d1872ee8f4f25114b4fd6 hr-invisible  avia-builder-el-3  el_after_av_textblock  avia-builder-el-last  '><span class='hr-inner '><span class=\"hr-inner-style\"><\/span><\/span><\/div><\/p><\/div>\n<style type=\"text\/css\" data-created_by=\"avia_inline_auto\" id=\"style-css-av-d45mcs-20786df89939f2d70a6438ab20580368\">\n.flex_column.av-d45mcs-20786df89939f2d70a6438ab20580368{\nborder-radius:0px 0px 0px 0px;\n-webkit-border-radius:0px 0px 0px 0px;\n-moz-border-radius:0px 0px 0px 0px;\n}\n<\/style>\n<div class='flex_column av-d45mcs-20786df89939f2d70a6438ab20580368 av_one_half  avia-builder-el-4  el_after_av_one_full  el_before_av_one_half  first flex_column_div av-zero-column-padding column-top-margin'   ><style type=\"text\/css\" data-created_by=\"avia_inline_auto\" id=\"style-css-av-a3f858-68177c925d0aa9024c258eeedaa5342e\">\n.avia-image-container.av-a3f858-68177c925d0aa9024c258eeedaa5342e .av-image-caption-overlay-center{\ncolor:#ffffff;\n}\n<\/style>\n<div  class='avia-image-container av-a3f858-68177c925d0aa9024c258eeedaa5342e av-styling- av-hover-grow av-hide-overflow avia_animated_image avia_animate_when_almost_visible top-to-bottom avia-align-left  avia-builder-el-5  avia-builder-el-no-sibling  '  itemprop=\"image\" itemscope=\"itemscope\" itemtype=\"https:\/\/schema.org\/ImageObject\" ><div class=\"avia-image-container-inner\"><div class=\"avia-image-overlay-wrap\"><img class='wp-image-1782 avia-img-lazy-loading-not-1782 avia_image' src=\"https:\/\/www.symphonie-florale.com\/fleuriste-juvignac-montpellier\/wp-content\/uploads\/2019\/09\/lianes-bois-flotte-montpellier-decoration-interieur-juvignac-symphonie-florale-4.jpg\" alt='lianes-bois naturel exotique montpellier' title='lianes en bois naturel exotique'  height=\"1200\" width=\"799\"  itemprop=\"thumbnailUrl\" srcset=\"https:\/\/www.symphonie-florale.com\/fleuriste-juvignac-montpellier\/wp-content\/uploads\/2019\/09\/lianes-bois-flotte-montpellier-decoration-interieur-juvignac-symphonie-florale-4.jpg 799w, https:\/\/www.symphonie-florale.com\/fleuriste-juvignac-montpellier\/wp-content\/uploads\/2019\/09\/lianes-bois-flotte-montpellier-decoration-interieur-juvignac-symphonie-florale-4-200x300.jpg 200w, https:\/\/www.symphonie-florale.com\/fleuriste-juvignac-montpellier\/wp-content\/uploads\/2019\/09\/lianes-bois-flotte-montpellier-decoration-interieur-juvignac-symphonie-florale-4-768x1153.jpg 768w, https:\/\/www.symphonie-florale.com\/fleuriste-juvignac-montpellier\/wp-content\/uploads\/2019\/09\/lianes-bois-flotte-montpellier-decoration-interieur-juvignac-symphonie-florale-4-686x1030.jpg 686w, https:\/\/www.symphonie-florale.com\/fleuriste-juvignac-montpellier\/wp-content\/uploads\/2019\/09\/lianes-bois-flotte-montpellier-decoration-interieur-juvignac-symphonie-florale-4-469x705.jpg 469w\" sizes=\"(max-width: 799px) 100vw, 799px\" \/><\/div><\/div><\/div><\/div>\n<style type=\"text\/css\" data-created_by=\"avia_inline_auto\" id=\"style-css-av-99qzcs-9cddcb8592ea0a6b8056aa4c537c591d\">\n.flex_column.av-99qzcs-9cddcb8592ea0a6b8056aa4c537c591d{\nborder-radius:0px 0px 0px 0px;\n-webkit-border-radius:0px 0px 0px 0px;\n-moz-border-radius:0px 0px 0px 0px;\n}\n<\/style>\n<div class='flex_column av-99qzcs-9cddcb8592ea0a6b8056aa4c537c591d av_one_half  avia-builder-el-6  el_after_av_one_half  el_before_av_hr  flex_column_div av-zero-column-padding column-top-margin'   ><style type=\"text\/css\" data-created_by=\"avia_inline_auto\" id=\"style-css-av-7vyi18-aa154138ad177c266562e3ecb844bf15\">\n.avia-image-container.av-7vyi18-aa154138ad177c266562e3ecb844bf15 .av-image-caption-overlay-center{\ncolor:#ffffff;\n}\n<\/style>\n<div  class='avia-image-container av-7vyi18-aa154138ad177c266562e3ecb844bf15 av-styling- av-hover-grow av-hide-overflow avia_animated_image avia_animate_when_almost_visible right-to-left avia-align-left  avia-builder-el-7  avia-builder-el-no-sibling  '  itemprop=\"image\" itemscope=\"itemscope\" itemtype=\"https:\/\/schema.org\/ImageObject\" ><div class=\"avia-image-container-inner\"><div class=\"avia-image-overlay-wrap\"><img class='wp-image-1781 avia-img-lazy-loading-not-1781 avia_image' src=\"https:\/\/www.symphonie-florale.com\/fleuriste-juvignac-montpellier\/wp-content\/uploads\/2019\/09\/lianes-bois-flotte-montpellier-decoration-interieur-juvignac-symphonie-florale-3-e1568665484307.jpg\" alt='lianes-bois naturel exotique' title='lianes-bois naturel exotique'  height=\"1800\" width=\"1200\"  itemprop=\"thumbnailUrl\" srcset=\"https:\/\/www.symphonie-florale.com\/fleuriste-juvignac-montpellier\/wp-content\/uploads\/2019\/09\/lianes-bois-flotte-montpellier-decoration-interieur-juvignac-symphonie-florale-3-e1568665484307.jpg 1200w, https:\/\/www.symphonie-florale.com\/fleuriste-juvignac-montpellier\/wp-content\/uploads\/2019\/09\/lianes-bois-flotte-montpellier-decoration-interieur-juvignac-symphonie-florale-3-e1568665484307-200x300.jpg 200w, https:\/\/www.symphonie-florale.com\/fleuriste-juvignac-montpellier\/wp-content\/uploads\/2019\/09\/lianes-bois-flotte-montpellier-decoration-interieur-juvignac-symphonie-florale-3-e1568665484307-768x1152.jpg 768w, https:\/\/www.symphonie-florale.com\/fleuriste-juvignac-montpellier\/wp-content\/uploads\/2019\/09\/lianes-bois-flotte-montpellier-decoration-interieur-juvignac-symphonie-florale-3-e1568665484307-687x1030.jpg 687w, https:\/\/www.symphonie-florale.com\/fleuriste-juvignac-montpellier\/wp-content\/uploads\/2019\/09\/lianes-bois-flotte-montpellier-decoration-interieur-juvignac-symphonie-florale-3-e1568665484307-1000x1500.jpg 1000w, https:\/\/www.symphonie-florale.com\/fleuriste-juvignac-montpellier\/wp-content\/uploads\/2019\/09\/lianes-bois-flotte-montpellier-decoration-interieur-juvignac-symphonie-florale-3-e1568665484307-470x705.jpg 470w\" sizes=\"(max-width: 1200px) 100vw, 1200px\" \/><\/div><\/div><\/div><\/div>\n<style type=\"text\/css\" data-created_by=\"avia_inline_auto\" id=\"style-css-av-6faa58-286ac10ec8f7d5e22313c503b11b1074\">\n#top .hr.hr-invisible.av-6faa58-286ac10ec8f7d5e22313c503b11b1074{\nheight:50px;\n}\n<\/style>\n<div  class='hr av-6faa58-286ac10ec8f7d5e22313c503b11b1074 hr-invisible  avia-builder-el-8  el_after_av_one_half  el_before_av_one_half  '><span class='hr-inner '><span class=\"hr-inner-style\"><\/span><\/span><\/div><\/p>\n<div class='flex_column av-4bd330-9ab8b1a615ab64d9257a1943411ee186 av_one_half  avia-builder-el-9  el_after_av_hr  el_before_av_one_half  first flex_column_div '   ><style type=\"text\/css\" data-created_by=\"avia_inline_auto\" id=\"style-css-av-2jw2a4-c20faf9e10949911150c95d1678494bd\">\n.avia-image-container.av-2jw2a4-c20faf9e10949911150c95d1678494bd .av-image-caption-overlay-center{\ncolor:#ffffff;\n}\n<\/style>\n<div  class='avia-image-container av-2jw2a4-c20faf9e10949911150c95d1678494bd av-styling- av-hover-grow av-hide-overflow avia_animated_image avia_animate_when_almost_visible bottom-to-top avia-align-center  avia-builder-el-10  avia-builder-el-no-sibling  '  itemprop=\"image\" itemscope=\"itemscope\" itemtype=\"https:\/\/schema.org\/ImageObject\" ><div class=\"avia-image-container-inner\"><div class=\"avia-image-overlay-wrap\"><img class='wp-image-1784 avia-img-lazy-loading-not-1784 avia_image' src=\"https:\/\/www.symphonie-florale.com\/fleuriste-juvignac-montpellier\/wp-content\/uploads\/2019\/09\/lianes-bois-flotte-montpellier-decoration-interieur-juvignac-symphonie-florale-6.jpg\" alt='lianes-bois naturel exotique montpellier' title='lianes-bois naturel exotique'  height=\"1200\" width=\"1800\"  itemprop=\"thumbnailUrl\" srcset=\"https:\/\/www.symphonie-florale.com\/fleuriste-juvignac-montpellier\/wp-content\/uploads\/2019\/09\/lianes-bois-flotte-montpellier-decoration-interieur-juvignac-symphonie-florale-6.jpg 1800w, https:\/\/www.symphonie-florale.com\/fleuriste-juvignac-montpellier\/wp-content\/uploads\/2019\/09\/lianes-bois-flotte-montpellier-decoration-interieur-juvignac-symphonie-florale-6-300x200.jpg 300w, https:\/\/www.symphonie-florale.com\/fleuriste-juvignac-montpellier\/wp-content\/uploads\/2019\/09\/lianes-bois-flotte-montpellier-decoration-interieur-juvignac-symphonie-florale-6-768x512.jpg 768w, https:\/\/www.symphonie-florale.com\/fleuriste-juvignac-montpellier\/wp-content\/uploads\/2019\/09\/lianes-bois-flotte-montpellier-decoration-interieur-juvignac-symphonie-florale-6-1030x687.jpg 1030w, https:\/\/www.symphonie-florale.com\/fleuriste-juvignac-montpellier\/wp-content\/uploads\/2019\/09\/lianes-bois-flotte-montpellier-decoration-interieur-juvignac-symphonie-florale-6-1500x1000.jpg 1500w, https:\/\/www.symphonie-florale.com\/fleuriste-juvignac-montpellier\/wp-content\/uploads\/2019\/09\/lianes-bois-flotte-montpellier-decoration-interieur-juvignac-symphonie-florale-6-705x470.jpg 705w\" sizes=\"(max-width: 1800px) 100vw, 1800px\" \/><\/div><\/div><\/div><\/div>\n<style type=\"text\/css\" data-created_by=\"avia_inline_auto\" id=\"style-css-av-j6xcl8-347711ad05b95a2d3bb2d30a00821159\">\n.flex_column.av-j6xcl8-347711ad05b95a2d3bb2d30a00821159{\nborder-radius:0px 0px 0px 0px;\n-webkit-border-radius:0px 0px 0px 0px;\n-moz-border-radius:0px 0px 0px 0px;\n}\n<\/style>\n<div class='flex_column av-j6xcl8-347711ad05b95a2d3bb2d30a00821159 av_one_half  avia-builder-el-11  el_after_av_one_half  el_before_av_hr  flex_column_div av-zero-column-padding '   ><p><section class=\"av_textblock_section \"  itemscope=\"itemscope\" itemtype=\"https:\/\/schema.org\/CreativeWork\" ><div class='avia_textblock  '   itemprop=\"text\" ><p><span style=\"font-size: 12pt;\">Les lianes sont mont\u00e9es sur un support en acier, ce qui permet leur stabilit\u00e9. Elles sont id\u00e9ales pour apporter un peu d&rsquo;originalit\u00e9 et de nature dans votre d\u00e9coration d&rsquo;int\u00e9rieur. Certaines disposent d&rsquo;une lampe qui apportera un c\u00f4t\u00e9 plus chaleureux.<\/span><\/p>\n<\/div><\/section><br \/>\n<section class=\"av_textblock_section \"  itemscope=\"itemscope\" itemtype=\"https:\/\/schema.org\/CreativeWork\" ><div class='avia_textblock  '   itemprop=\"text\" ><p><span style=\"font-size: 12pt;\">C&rsquo;est l&rsquo;objet de d\u00e9coration tendance et moderne qui peut faire toute la diff\u00e9rence dans votre pi\u00e8ce \u00e0 vivre. Nous avons \u00e0 c\u0153ur de vous proposer des pi\u00e8ces d\u00e9coratives naturelles et de tr\u00e8s hautes qualit\u00e9s. Nous proposons \u00e9galement toute une gamme d&rsquo;objets en bois naturels, tels que des photophores, lampions&#8230; qui accompagneront parfaitement les lianes.<\/span><\/p>\n<\/div><\/section><br \/>\n\n<style type=\"text\/css\" data-created_by=\"avia_inline_auto\" id=\"style-css-av-f9vrdo-b1adcfe2c68d1872ee8f4f25114b4fd6\">\n#top .hr.hr-invisible.av-f9vrdo-b1adcfe2c68d1872ee8f4f25114b4fd6{\nheight:50px;\n}\n<\/style>\n<div  class='hr av-f9vrdo-b1adcfe2c68d1872ee8f4f25114b4fd6 hr-invisible  avia-builder-el-14  el_after_av_textblock  avia-builder-el-last  '><span class='hr-inner '><span class=\"hr-inner-style\"><\/span><\/span><\/div><\/p><\/div><\/p>\n\n<style type=\"text\/css\" data-created_by=\"avia_inline_auto\" id=\"style-css-av-f9vrdo-b1adcfe2c68d1872ee8f4f25114b4fd6\">\n#top .hr.hr-invisible.av-f9vrdo-b1adcfe2c68d1872ee8f4f25114b4fd6{\nheight:50px;\n}\n<\/style>\n<div  class='hr av-f9vrdo-b1adcfe2c68d1872ee8f4f25114b4fd6 hr-invisible  avia-builder-el-15  el_after_av_one_half  el_before_av_one_full  '><span class='hr-inner '><span class=\"hr-inner-style\"><\/span><\/span><\/div>\n\n<style type=\"text\/css\" data-created_by=\"avia_inline_auto\" id=\"style-css-av-j6xcl8-98659af3179e023e58126ed10db533c6\">\n.flex_column.av-j6xcl8-98659af3179e023e58126ed10db533c6{\nborder-radius:0px 0px 0px 0px;\n-webkit-border-radius:0px 0px 0px 0px;\n-moz-border-radius:0px 0px 0px 0px;\n}\n<\/style>\n<div class='flex_column av-j6xcl8-98659af3179e023e58126ed10db533c6 av_one_full  avia-builder-el-16  el_after_av_hr  avia-builder-el-last  first no_margin flex_column_div av-zero-column-padding '   ><style type=\"text\/css\" data-created_by=\"avia_inline_auto\" id=\"style-css-av-2jw2a4-45d590cdef7891c61f47f09dee0345fb\">\n.avia-image-container.av-2jw2a4-45d590cdef7891c61f47f09dee0345fb .av-image-caption-overlay-center{\ncolor:#ffffff;\n}\n<\/style>\n<div  class='avia-image-container av-2jw2a4-45d590cdef7891c61f47f09dee0345fb av-styling- av-hover-grow av-hide-overflow avia_animated_image avia_animate_when_almost_visible bottom-to-top avia-align-center  avia-builder-el-17  avia-builder-el-no-sibling  '  itemprop=\"image\" itemscope=\"itemscope\" itemtype=\"https:\/\/schema.org\/ImageObject\" ><div class=\"avia-image-container-inner\"><div class=\"avia-image-overlay-wrap\"><img class='wp-image-1779 avia-img-lazy-loading-not-1779 avia_image' src=\"https:\/\/www.symphonie-florale.com\/fleuriste-juvignac-montpellier\/wp-content\/uploads\/2019\/09\/lianes-bois-flotte-montpellier-decoration-interieur-juvignac-symphonie-florale-1.jpg\" alt='lianes-bois naturel exotique montpellier' title='lianes-bois naturel exotique'  height=\"1200\" width=\"1800\"  itemprop=\"thumbnailUrl\" srcset=\"https:\/\/www.symphonie-florale.com\/fleuriste-juvignac-montpellier\/wp-content\/uploads\/2019\/09\/lianes-bois-flotte-montpellier-decoration-interieur-juvignac-symphonie-florale-1.jpg 1800w, https:\/\/www.symphonie-florale.com\/fleuriste-juvignac-montpellier\/wp-content\/uploads\/2019\/09\/lianes-bois-flotte-montpellier-decoration-interieur-juvignac-symphonie-florale-1-300x200.jpg 300w, https:\/\/www.symphonie-florale.com\/fleuriste-juvignac-montpellier\/wp-content\/uploads\/2019\/09\/lianes-bois-flotte-montpellier-decoration-interieur-juvignac-symphonie-florale-1-768x512.jpg 768w, https:\/\/www.symphonie-florale.com\/fleuriste-juvignac-montpellier\/wp-content\/uploads\/2019\/09\/lianes-bois-flotte-montpellier-decoration-interieur-juvignac-symphonie-florale-1-1030x687.jpg 1030w, https:\/\/www.symphonie-florale.com\/fleuriste-juvignac-montpellier\/wp-content\/uploads\/2019\/09\/lianes-bois-flotte-montpellier-decoration-interieur-juvignac-symphonie-florale-1-1500x1000.jpg 1500w, https:\/\/www.symphonie-florale.com\/fleuriste-juvignac-montpellier\/wp-content\/uploads\/2019\/09\/lianes-bois-flotte-montpellier-decoration-interieur-juvignac-symphonie-florale-1-705x470.jpg 705w\" sizes=\"(max-width: 1800px) 100vw, 1800px\" \/><\/div><\/div><\/div><\/div>\n","protected":false},"excerpt":{"rendered":"","protected":false},"author":1,"featured_media":0,"parent":13,"menu_order":0,"comment_status":"closed","ping_status":"closed","template":"","meta":[],"yoast_head":"<!-- This site is optimized with the Yoast SEO plugin v17.1 - https:\/\/yoast.com\/wordpress\/plugins\/seo\/ -->\n<title>Les lianes en bois naturel exotique - Symphonie Florale Fleuriste juvignac<\/title>\n<meta name=\"description\" content=\"Les lianes en bois naturel exotique , de part leurs formes extr\u00eamement diverses, torsad\u00e9es, les elles ne vous laisseront pas indiff\u00e9rent.\" \/>\n<meta name=\"robots\" content=\"index, follow, max-snippet:-1, max-image-preview:large, max-video-preview:-1\" \/>\n<link rel=\"canonical\" href=\"https:\/\/www.symphonie-florale.com\/fleuriste-juvignac-montpellier\/la-vitrine\/les-lianes-en-bois-naturel-exotique-montpellier\/\" \/>\n<meta property=\"og:locale\" content=\"fr_FR\" \/>\n<meta property=\"og:type\" content=\"article\" \/>\n<meta property=\"og:title\" content=\"Les lianes en bois naturel exotique - Symphonie Florale Fleuriste juvignac\" \/>\n<meta property=\"og:description\" content=\"Les lianes en bois naturel exotique , de part leurs formes extr\u00eamement diverses, torsad\u00e9es, les elles ne vous laisseront pas indiff\u00e9rent.\" \/>\n<meta property=\"og:url\" content=\"https:\/\/www.symphonie-florale.com\/fleuriste-juvignac-montpellier\/la-vitrine\/les-lianes-en-bois-naturel-exotique-montpellier\/\" \/>\n<meta property=\"og:site_name\" content=\"Symphonie Florale\" \/>\n<meta property=\"article:modified_time\" content=\"2019-09-17T11:57:28+00:00\" \/>\n<meta name=\"twitter:label1\" content=\"Dur\u00e9e de lecture est.\" \/>\n\t<meta name=\"twitter:data1\" content=\"6 minutes\" \/>\n<script type=\"application\/ld+json\" class=\"yoast-schema-graph\">{\"@context\":\"https:\/\/schema.org\",\"@graph\":[{\"@type\":\"WebSite\",\"@id\":\"https:\/\/www.symphonie-florale.com\/fleuriste-juvignac-montpellier\/#website\",\"url\":\"https:\/\/www.symphonie-florale.com\/fleuriste-juvignac-montpellier\/\",\"name\":\"Symphonie Florale\",\"description\":\"Fleuriste \\u00e0 Juvignac Montpellier\",\"potentialAction\":[{\"@type\":\"SearchAction\",\"target\":{\"@type\":\"EntryPoint\",\"urlTemplate\":\"https:\/\/www.symphonie-florale.com\/fleuriste-juvignac-montpellier\/?s={search_term_string}\"},\"query-input\":\"required name=search_term_string\"}],\"inLanguage\":\"fr-FR\"},{\"@type\":\"WebPage\",\"@id\":\"https:\/\/www.symphonie-florale.com\/fleuriste-juvignac-montpellier\/la-vitrine\/les-lianes-en-bois-naturel-exotique-montpellier\/#webpage\",\"url\":\"https:\/\/www.symphonie-florale.com\/fleuriste-juvignac-montpellier\/la-vitrine\/les-lianes-en-bois-naturel-exotique-montpellier\/\",\"name\":\"Les lianes en bois naturel exotique - Symphonie Florale Fleuriste juvignac\",\"isPartOf\":{\"@id\":\"https:\/\/www.symphonie-florale.com\/fleuriste-juvignac-montpellier\/#website\"},\"datePublished\":\"2019-09-16T20:31:41+00:00\",\"dateModified\":\"2019-09-17T11:57:28+00:00\",\"description\":\"Les lianes en bois naturel exotique , de part leurs formes extr\\u00eamement diverses, torsad\\u00e9es, les elles ne vous laisseront pas indiff\\u00e9rent.\",\"breadcrumb\":{\"@id\":\"https:\/\/www.symphonie-florale.com\/fleuriste-juvignac-montpellier\/la-vitrine\/les-lianes-en-bois-naturel-exotique-montpellier\/#breadcrumb\"},\"inLanguage\":\"fr-FR\",\"potentialAction\":[{\"@type\":\"ReadAction\",\"target\":[\"https:\/\/www.symphonie-florale.com\/fleuriste-juvignac-montpellier\/la-vitrine\/les-lianes-en-bois-naturel-exotique-montpellier\/\"]}]},{\"@type\":\"BreadcrumbList\",\"@id\":\"https:\/\/www.symphonie-florale.com\/fleuriste-juvignac-montpellier\/la-vitrine\/les-lianes-en-bois-naturel-exotique-montpellier\/#breadcrumb\",\"itemListElement\":[{\"@type\":\"ListItem\",\"position\":1,\"name\":\"Accueil\",\"item\":\"https:\/\/www.symphonie-florale.com\/fleuriste-juvignac-montpellier\/\"},{\"@type\":\"ListItem\",\"position\":2,\"name\":\"La vitrine\",\"item\":\"https:\/\/www.symphonie-florale.com\/fleuriste-juvignac-montpellier\/la-vitrine\/\"},{\"@type\":\"ListItem\",\"position\":3,\"name\":\"Les lianes en bois naturel exotique\"}]}]}<\/script>\n<!-- \/ Yoast SEO plugin. -->","yoast_head_json":{"title":"Les lianes en bois naturel exotique - Symphonie Florale Fleuriste juvignac","description":"Les lianes en bois naturel exotique , de part leurs formes extr\u00eamement diverses, torsad\u00e9es, les elles ne vous laisseront pas indiff\u00e9rent.","robots":{"index":"index","follow":"follow","max-snippet":"max-snippet:-1","max-image-preview":"max-image-preview:large","max-video-preview":"max-video-preview:-1"},"canonical":"https:\/\/www.symphonie-florale.com\/fleuriste-juvignac-montpellier\/la-vitrine\/les-lianes-en-bois-naturel-exotique-montpellier\/","og_locale":"fr_FR","og_type":"article","og_title":"Les lianes en bois naturel exotique - Symphonie Florale Fleuriste juvignac","og_description":"Les lianes en bois naturel exotique , de part leurs formes extr\u00eamement diverses, torsad\u00e9es, les elles ne vous laisseront pas indiff\u00e9rent.","og_url":"https:\/\/www.symphonie-florale.com\/fleuriste-juvignac-montpellier\/la-vitrine\/les-lianes-en-bois-naturel-exotique-montpellier\/","og_site_name":"Symphonie Florale","article_modified_time":"2019-09-17T11:57:28+00:00","twitter_misc":{"Dur\u00e9e de lecture est.":"6 minutes"},"schema":{"@context":"https:\/\/schema.org","@graph":[{"@type":"WebSite","@id":"https:\/\/www.symphonie-florale.com\/fleuriste-juvignac-montpellier\/#website","url":"https:\/\/www.symphonie-florale.com\/fleuriste-juvignac-montpellier\/","name":"Symphonie Florale","description":"Fleuriste \u00e0 Juvignac Montpellier","potentialAction":[{"@type":"SearchAction","target":{"@type":"EntryPoint","urlTemplate":"https:\/\/www.symphonie-florale.com\/fleuriste-juvignac-montpellier\/?s={search_term_string}"},"query-input":"required name=search_term_string"}],"inLanguage":"fr-FR"},{"@type":"WebPage","@id":"https:\/\/www.symphonie-florale.com\/fleuriste-juvignac-montpellier\/la-vitrine\/les-lianes-en-bois-naturel-exotique-montpellier\/#webpage","url":"https:\/\/www.symphonie-florale.com\/fleuriste-juvignac-montpellier\/la-vitrine\/les-lianes-en-bois-naturel-exotique-montpellier\/","name":"Les lianes en bois naturel exotique - Symphonie Florale Fleuriste juvignac","isPartOf":{"@id":"https:\/\/www.symphonie-florale.com\/fleuriste-juvignac-montpellier\/#website"},"datePublished":"2019-09-16T20:31:41+00:00","dateModified":"2019-09-17T11:57:28+00:00","description":"Les lianes en bois naturel exotique , de part leurs formes extr\u00eamement diverses, torsad\u00e9es, les elles ne vous laisseront pas indiff\u00e9rent.","breadcrumb":{"@id":"https:\/\/www.symphonie-florale.com\/fleuriste-juvignac-montpellier\/la-vitrine\/les-lianes-en-bois-naturel-exotique-montpellier\/#breadcrumb"},"inLanguage":"fr-FR","potentialAction":[{"@type":"ReadAction","target":["https:\/\/www.symphonie-florale.com\/fleuriste-juvignac-montpellier\/la-vitrine\/les-lianes-en-bois-naturel-exotique-montpellier\/"]}]},{"@type":"BreadcrumbList","@id":"https:\/\/www.symphonie-florale.com\/fleuriste-juvignac-montpellier\/la-vitrine\/les-lianes-en-bois-naturel-exotique-montpellier\/#breadcrumb","itemListElement":[{"@type":"ListItem","position":1,"name":"Accueil","item":"https:\/\/www.symphonie-florale.com\/fleuriste-juvignac-montpellier\/"},{"@type":"ListItem","position":2,"name":"La vitrine","item":"https:\/\/www.symphonie-florale.com\/fleuriste-juvignac-montpellier\/la-vitrine\/"},{"@type":"ListItem","position":3,"name":"Les lianes en bois naturel exotique"}]}]}},"_links":{"self":[{"href":"https:\/\/www.symphonie-florale.com\/fleuriste-juvignac-montpellier\/wp-json\/wp\/v2\/pages\/1786"}],"collection":[{"href":"https:\/\/www.symphonie-florale.com\/fleuriste-juvignac-montpellier\/wp-json\/wp\/v2\/pages"}],"about":[{"href":"https:\/\/www.symphonie-florale.com\/fleuriste-juvignac-montpellier\/wp-json\/wp\/v2\/types\/page"}],"author":[{"embeddable":true,"href":"https:\/\/www.symphonie-florale.com\/fleuriste-juvignac-montpellier\/wp-json\/wp\/v2\/users\/1"}],"replies":[{"embeddable":true,"href":"https:\/\/www.symphonie-florale.com\/fleuriste-juvignac-montpellier\/wp-json\/wp\/v2\/comments?post=1786"}],"version-history":[{"count":20,"href":"https:\/\/www.symphonie-florale.com\/fleuriste-juvignac-montpellier\/wp-json\/wp\/v2\/pages\/1786\/revisions"}],"predecessor-version":[{"id":1849,"href":"https:\/\/www.symphonie-florale.com\/fleuriste-juvignac-montpellier\/wp-json\/wp\/v2\/pages\/1786\/revisions\/1849"}],"up":[{"embeddable":true,"href":"https:\/\/www.symphonie-florale.com\/fleuriste-juvignac-montpellier\/wp-json\/wp\/v2\/pages\/13"}],"wp:attachment":[{"href":"https:\/\/www.symphonie-florale.com\/fleuriste-juvignac-montpellier\/wp-json\/wp\/v2\/media?parent=1786"}],"curies":[{"name":"wp","href":"https:\/\/api.w.org\/{rel}","templated":true}]}}