{"id":2417,"date":"2021-04-15T09:58:13","date_gmt":"2021-04-15T08:58:13","guid":{"rendered":"https:\/\/www.symphonie-florale.com\/fleuriste-juvignac-montpellier\/?page_id=2417"},"modified":"2021-09-19T08:23:17","modified_gmt":"2021-09-19T07:23:17","slug":"de-jolis-attrapes-reves-printaniers","status":"publish","type":"page","link":"https:\/\/www.symphonie-florale.com\/fleuriste-juvignac-montpellier\/la-vitrine\/de-jolis-attrapes-reves-printaniers\/","title":{"rendered":"De jolis attrapes-r\u00eaves printaniers"},"content":{"rendered":"\n<style type=\"text\/css\" data-created_by=\"avia_inline_auto\" id=\"style-css-av-ma3mj1-489a6a6dbd8ed2aaaecb244b803a6f23\">\n.flex_column.av-ma3mj1-489a6a6dbd8ed2aaaecb244b803a6f23{\nborder-radius:0px 0px 0px 0px;\n-webkit-border-radius:0px 0px 0px 0px;\n-moz-border-radius:0px 0px 0px 0px;\n}\n<\/style>\n<div class='flex_column av-ma3mj1-489a6a6dbd8ed2aaaecb244b803a6f23 av_one_full  avia-builder-el-0  el_before_av_one_half  avia-builder-el-first  first flex_column_div av-zero-column-padding '   ><p><section class=\"av_textblock_section \"  itemscope=\"itemscope\" itemtype=\"https:\/\/schema.org\/CreativeWork\" ><div class='avia_textblock  '   itemprop=\"text\" ><p><strong>De jolis attrapes-r\u00eaves printaniers<\/strong><\/p>\n<p>Venez d\u00e9couvrir nos attrapes-r\u00eaves cr\u00e9\u00e9s artisanalement par nos soins avec des fleurs s\u00e9ch\u00e9es : du bl\u00e9, de l&rsquo;immortelle, des plumes de paon et de la gypsophile. Nos attrapes-r\u00eaves sont uniques et exclusifs. Vous pourrez les suspendre devant vos fen\u00eatres ou au plafond pour apporter de l&rsquo;originalit\u00e9 \u00e0 vos int\u00e9rieurs.<\/p>\n<\/div><\/section><br \/>\n\n<style type=\"text\/css\" data-created_by=\"avia_inline_auto\" id=\"style-css-av-ij2q8t-13eb940c09206f9abfd12a4ea0c0bd36\">\n#top .hr.hr-invisible.av-ij2q8t-13eb940c09206f9abfd12a4ea0c0bd36{\nheight:20px;\n}\n<\/style>\n<div  class='hr av-ij2q8t-13eb940c09206f9abfd12a4ea0c0bd36 hr-invisible  avia-builder-el-2  el_after_av_textblock  avia-builder-el-last  '><span class='hr-inner '><span class=\"hr-inner-style\"><\/span><\/span><\/div><\/p><\/div>\n<style type=\"text\/css\" data-created_by=\"avia_inline_auto\" id=\"style-css-av-h3d0n1-e3c1b6da4d79bbcc1432950cb4273028\">\n.flex_column.av-h3d0n1-e3c1b6da4d79bbcc1432950cb4273028{\nborder-radius:0px 0px 0px 0px;\n-webkit-border-radius:0px 0px 0px 0px;\n-moz-border-radius:0px 0px 0px 0px;\n}\n<\/style>\n<div class='flex_column av-h3d0n1-e3c1b6da4d79bbcc1432950cb4273028 av_one_half  avia-builder-el-3  el_after_av_one_full  el_before_av_one_half  first no_margin flex_column_div av-zero-column-padding column-top-margin'   ><p>\n<style type=\"text\/css\" data-created_by=\"avia_inline_auto\" id=\"style-css-av-5t7sd-28914f9cbee758b6c67f50f110ff1512\">\n.avia-image-container.av-5t7sd-28914f9cbee758b6c67f50f110ff1512 .av-image-caption-overlay-center{\ncolor:#ffffff;\n}\n<\/style>\n<div  class='avia-image-container av-5t7sd-28914f9cbee758b6c67f50f110ff1512 av-styling- av-hover-grow avia-align-left  avia-builder-el-4  el_before_av_hr  avia-builder-el-first  '  itemprop=\"image\" itemscope=\"itemscope\" itemtype=\"https:\/\/schema.org\/ImageObject\" ><div class=\"avia-image-container-inner\"><div class=\"avia-image-overlay-wrap\"><img class='wp-image-2419 avia-img-lazy-loading-not-2419 avia_image' src=\"https:\/\/www.symphonie-florale.com\/fleuriste-juvignac-montpellier\/wp-content\/uploads\/2021\/04\/symphonie-florale-fleuriste-juvignac-40-scaled.jpg\" alt='attrapes-reves-printaniers-symphonie-florale' title='attrapes-reves-printaniers-symphonie-florale'  height=\"1707\" width=\"2560\"  itemprop=\"thumbnailUrl\" srcset=\"https:\/\/www.symphonie-florale.com\/fleuriste-juvignac-montpellier\/wp-content\/uploads\/2021\/04\/symphonie-florale-fleuriste-juvignac-40-scaled.jpg 2560w, https:\/\/www.symphonie-florale.com\/fleuriste-juvignac-montpellier\/wp-content\/uploads\/2021\/04\/symphonie-florale-fleuriste-juvignac-40-300x200.jpg 300w, https:\/\/www.symphonie-florale.com\/fleuriste-juvignac-montpellier\/wp-content\/uploads\/2021\/04\/symphonie-florale-fleuriste-juvignac-40-1030x687.jpg 1030w, https:\/\/www.symphonie-florale.com\/fleuriste-juvignac-montpellier\/wp-content\/uploads\/2021\/04\/symphonie-florale-fleuriste-juvignac-40-768x512.jpg 768w, https:\/\/www.symphonie-florale.com\/fleuriste-juvignac-montpellier\/wp-content\/uploads\/2021\/04\/symphonie-florale-fleuriste-juvignac-40-1536x1024.jpg 1536w, https:\/\/www.symphonie-florale.com\/fleuriste-juvignac-montpellier\/wp-content\/uploads\/2021\/04\/symphonie-florale-fleuriste-juvignac-40-2048x1365.jpg 2048w, https:\/\/www.symphonie-florale.com\/fleuriste-juvignac-montpellier\/wp-content\/uploads\/2021\/04\/symphonie-florale-fleuriste-juvignac-40-1500x1000.jpg 1500w, https:\/\/www.symphonie-florale.com\/fleuriste-juvignac-montpellier\/wp-content\/uploads\/2021\/04\/symphonie-florale-fleuriste-juvignac-40-705x470.jpg 705w\" sizes=\"(max-width: 2560px) 100vw, 2560px\" \/><\/div><\/div><\/div><br \/>\n\n<style type=\"text\/css\" data-created_by=\"avia_inline_auto\" id=\"style-css-av-elnf7h-c4160161f5a29d9577e4700a61c36b88\">\n#top .hr.hr-invisible.av-elnf7h-c4160161f5a29d9577e4700a61c36b88{\nheight:20px;\n}\n<\/style>\n<div  class='hr av-elnf7h-c4160161f5a29d9577e4700a61c36b88 hr-invisible  avia-builder-el-5  el_after_av_image  el_before_av_image  '><span class='hr-inner '><span class=\"hr-inner-style\"><\/span><\/span><\/div><br \/>\n\n<style type=\"text\/css\" data-created_by=\"avia_inline_auto\" id=\"style-css-av-d7dd65-43de4c80027150a6ad9d9b6b5ec47daf\">\n.avia-image-container.av-d7dd65-43de4c80027150a6ad9d9b6b5ec47daf .av-image-caption-overlay-center{\ncolor:#ffffff;\n}\n<\/style>\n<div  class='avia-image-container av-d7dd65-43de4c80027150a6ad9d9b6b5ec47daf av-styling- av-hover-grow avia-align-left  avia-builder-el-6  el_after_av_hr  el_before_av_hr  '  itemprop=\"image\" itemscope=\"itemscope\" itemtype=\"https:\/\/schema.org\/ImageObject\" ><div class=\"avia-image-container-inner\"><div class=\"avia-image-overlay-wrap\"><img class='wp-image-2422 avia-img-lazy-loading-not-2422 avia_image' src=\"https:\/\/www.symphonie-florale.com\/fleuriste-juvignac-montpellier\/wp-content\/uploads\/2021\/04\/symphonie-florale-fleuriste-juvignac-52-scaled.jpg\" alt='attrapes-reves-printaniers-symphonie-florale' title='symphonie-florale-fleuriste-juvignac (52)'  height=\"1707\" width=\"2560\"  itemprop=\"thumbnailUrl\" srcset=\"https:\/\/www.symphonie-florale.com\/fleuriste-juvignac-montpellier\/wp-content\/uploads\/2021\/04\/symphonie-florale-fleuriste-juvignac-52-scaled.jpg 2560w, https:\/\/www.symphonie-florale.com\/fleuriste-juvignac-montpellier\/wp-content\/uploads\/2021\/04\/symphonie-florale-fleuriste-juvignac-52-300x200.jpg 300w, https:\/\/www.symphonie-florale.com\/fleuriste-juvignac-montpellier\/wp-content\/uploads\/2021\/04\/symphonie-florale-fleuriste-juvignac-52-1030x687.jpg 1030w, https:\/\/www.symphonie-florale.com\/fleuriste-juvignac-montpellier\/wp-content\/uploads\/2021\/04\/symphonie-florale-fleuriste-juvignac-52-768x512.jpg 768w, https:\/\/www.symphonie-florale.com\/fleuriste-juvignac-montpellier\/wp-content\/uploads\/2021\/04\/symphonie-florale-fleuriste-juvignac-52-1536x1024.jpg 1536w, https:\/\/www.symphonie-florale.com\/fleuriste-juvignac-montpellier\/wp-content\/uploads\/2021\/04\/symphonie-florale-fleuriste-juvignac-52-2048x1365.jpg 2048w, https:\/\/www.symphonie-florale.com\/fleuriste-juvignac-montpellier\/wp-content\/uploads\/2021\/04\/symphonie-florale-fleuriste-juvignac-52-1500x1000.jpg 1500w, https:\/\/www.symphonie-florale.com\/fleuriste-juvignac-montpellier\/wp-content\/uploads\/2021\/04\/symphonie-florale-fleuriste-juvignac-52-705x470.jpg 705w\" sizes=\"(max-width: 2560px) 100vw, 2560px\" \/><\/div><\/div><\/div><br \/>\n\n<style type=\"text\/css\" data-created_by=\"avia_inline_auto\" id=\"style-css-av-12np8d-e8c025c21a429c89fede7332a04c87d9\">\n#top .hr.hr-invisible.av-12np8d-e8c025c21a429c89fede7332a04c87d9{\nheight:20px;\n}\n<\/style>\n<div  class='hr av-12np8d-e8c025c21a429c89fede7332a04c87d9 hr-invisible  avia-builder-el-7  el_after_av_image  el_before_av_image  '><span class='hr-inner '><span class=\"hr-inner-style\"><\/span><\/span><\/div><br \/>\n\n<style type=\"text\/css\" data-created_by=\"avia_inline_auto\" id=\"style-css-av-d7dd65-c0a833641ecfb5422b529aa204494edc\">\n.avia-image-container.av-d7dd65-c0a833641ecfb5422b529aa204494edc .av-image-caption-overlay-center{\ncolor:#ffffff;\n}\n<\/style>\n<div  class='avia-image-container av-d7dd65-c0a833641ecfb5422b529aa204494edc av-styling- av-hover-grow avia-align-left  avia-builder-el-8  el_after_av_hr  avia-builder-el-last  '  itemprop=\"image\" itemscope=\"itemscope\" itemtype=\"https:\/\/schema.org\/ImageObject\" ><div class=\"avia-image-container-inner\"><div class=\"avia-image-overlay-wrap\"><img class='wp-image-2423 avia-img-lazy-loading-not-2423 avia_image' src=\"https:\/\/www.symphonie-florale.com\/fleuriste-juvignac-montpellier\/wp-content\/uploads\/2021\/04\/symphonie-florale-fleuriste-juvignac-94.jpg\" alt='' title='attrapes-reves-printaniers-symphonie-florale'  height=\"2436\" width=\"1828\"  itemprop=\"thumbnailUrl\" srcset=\"https:\/\/www.symphonie-florale.com\/fleuriste-juvignac-montpellier\/wp-content\/uploads\/2021\/04\/symphonie-florale-fleuriste-juvignac-94.jpg 1828w, https:\/\/www.symphonie-florale.com\/fleuriste-juvignac-montpellier\/wp-content\/uploads\/2021\/04\/symphonie-florale-fleuriste-juvignac-94-225x300.jpg 225w, https:\/\/www.symphonie-florale.com\/fleuriste-juvignac-montpellier\/wp-content\/uploads\/2021\/04\/symphonie-florale-fleuriste-juvignac-94-773x1030.jpg 773w, https:\/\/www.symphonie-florale.com\/fleuriste-juvignac-montpellier\/wp-content\/uploads\/2021\/04\/symphonie-florale-fleuriste-juvignac-94-768x1023.jpg 768w, https:\/\/www.symphonie-florale.com\/fleuriste-juvignac-montpellier\/wp-content\/uploads\/2021\/04\/symphonie-florale-fleuriste-juvignac-94-1153x1536.jpg 1153w, https:\/\/www.symphonie-florale.com\/fleuriste-juvignac-montpellier\/wp-content\/uploads\/2021\/04\/symphonie-florale-fleuriste-juvignac-94-1537x2048.jpg 1537w, https:\/\/www.symphonie-florale.com\/fleuriste-juvignac-montpellier\/wp-content\/uploads\/2021\/04\/symphonie-florale-fleuriste-juvignac-94-1126x1500.jpg 1126w, https:\/\/www.symphonie-florale.com\/fleuriste-juvignac-montpellier\/wp-content\/uploads\/2021\/04\/symphonie-florale-fleuriste-juvignac-94-529x705.jpg 529w\" sizes=\"(max-width: 1828px) 100vw, 1828px\" \/><\/div><\/div><\/div><\/p><\/div><\/p>\n\n<style type=\"text\/css\" data-created_by=\"avia_inline_auto\" id=\"style-css-av-7n95bh-37f07b828642bb26706b2f469f57b3a2\">\n.flex_column.av-7n95bh-37f07b828642bb26706b2f469f57b3a2{\nborder-radius:0px 0px 0px 0px;\n-webkit-border-radius:0px 0px 0px 0px;\n-moz-border-radius:0px 0px 0px 0px;\n}\n<\/style>\n<div class='flex_column av-7n95bh-37f07b828642bb26706b2f469f57b3a2 av_one_half  avia-builder-el-9  el_after_av_one_half  avia-builder-el-last  no_margin flex_column_div av-zero-column-padding column-top-margin'   ><p>\n<style type=\"text\/css\" data-created_by=\"avia_inline_auto\" id=\"style-css-av-5gkxfx-fa8b5d0f5365be8eb93cb99fc2eda825\">\n.avia-image-container.av-5gkxfx-fa8b5d0f5365be8eb93cb99fc2eda825 .av-image-caption-overlay-center{\ncolor:#ffffff;\n}\n<\/style>\n<div  class='avia-image-container av-5gkxfx-fa8b5d0f5365be8eb93cb99fc2eda825 av-styling- av-hover-grow avia-align-right  avia-builder-el-10  el_before_av_hr  avia-builder-el-first  '  itemprop=\"image\" itemscope=\"itemscope\" itemtype=\"https:\/\/schema.org\/ImageObject\" ><div class=\"avia-image-container-inner\"><div class=\"avia-image-overlay-wrap\"><img class='wp-image-2420 avia-img-lazy-loading-not-2420 avia_image' src=\"https:\/\/www.symphonie-florale.com\/fleuriste-juvignac-montpellier\/wp-content\/uploads\/2021\/04\/symphonie-florale-fleuriste-juvignac-46-scaled.jpg\" alt='attrapes-reves-printaniers-symphonie-florale' title='attrapes-reves-printaniers-symphonie-florale'  height=\"2560\" width=\"1707\"  itemprop=\"thumbnailUrl\" srcset=\"https:\/\/www.symphonie-florale.com\/fleuriste-juvignac-montpellier\/wp-content\/uploads\/2021\/04\/symphonie-florale-fleuriste-juvignac-46-scaled.jpg 1707w, https:\/\/www.symphonie-florale.com\/fleuriste-juvignac-montpellier\/wp-content\/uploads\/2021\/04\/symphonie-florale-fleuriste-juvignac-46-200x300.jpg 200w, https:\/\/www.symphonie-florale.com\/fleuriste-juvignac-montpellier\/wp-content\/uploads\/2021\/04\/symphonie-florale-fleuriste-juvignac-46-687x1030.jpg 687w, https:\/\/www.symphonie-florale.com\/fleuriste-juvignac-montpellier\/wp-content\/uploads\/2021\/04\/symphonie-florale-fleuriste-juvignac-46-768x1152.jpg 768w, https:\/\/www.symphonie-florale.com\/fleuriste-juvignac-montpellier\/wp-content\/uploads\/2021\/04\/symphonie-florale-fleuriste-juvignac-46-1024x1536.jpg 1024w, https:\/\/www.symphonie-florale.com\/fleuriste-juvignac-montpellier\/wp-content\/uploads\/2021\/04\/symphonie-florale-fleuriste-juvignac-46-1365x2048.jpg 1365w, https:\/\/www.symphonie-florale.com\/fleuriste-juvignac-montpellier\/wp-content\/uploads\/2021\/04\/symphonie-florale-fleuriste-juvignac-46-1000x1500.jpg 1000w, https:\/\/www.symphonie-florale.com\/fleuriste-juvignac-montpellier\/wp-content\/uploads\/2021\/04\/symphonie-florale-fleuriste-juvignac-46-470x705.jpg 470w\" sizes=\"(max-width: 1707px) 100vw, 1707px\" \/><\/div><\/div><\/div><br \/>\n\n<style type=\"text\/css\" data-created_by=\"avia_inline_auto\" id=\"style-css-av-43kyct-5725f5b61cc1d59941f669477e5f058f\">\n#top .hr.hr-invisible.av-43kyct-5725f5b61cc1d59941f669477e5f058f{\nheight:20px;\n}\n<\/style>\n<div  class='hr av-43kyct-5725f5b61cc1d59941f669477e5f058f hr-invisible  avia-builder-el-11  el_after_av_image  el_before_av_image  '><span class='hr-inner '><span class=\"hr-inner-style\"><\/span><\/span><\/div><br \/>\n\n<style type=\"text\/css\" data-created_by=\"avia_inline_auto\" id=\"style-css-av-3ag00d-af92ac9e41388617287af3fe1568b8b8\">\n.avia-image-container.av-3ag00d-af92ac9e41388617287af3fe1568b8b8 .av-image-caption-overlay-center{\ncolor:#ffffff;\n}\n<\/style>\n<div  class='avia-image-container av-3ag00d-af92ac9e41388617287af3fe1568b8b8 av-styling- av-hover-grow avia-align-right  avia-builder-el-12  el_after_av_hr  avia-builder-el-last  '  itemprop=\"image\" itemscope=\"itemscope\" itemtype=\"https:\/\/schema.org\/ImageObject\" ><div class=\"avia-image-container-inner\"><div class=\"avia-image-overlay-wrap\"><img class='wp-image-2424 avia-img-lazy-loading-not-2424 avia_image' src=\"https:\/\/www.symphonie-florale.com\/fleuriste-juvignac-montpellier\/wp-content\/uploads\/2021\/04\/symphonie-florale-fleuriste-juvignac-96.jpg\" alt='attrapes-reves-printaniers-symphonie-florale' title='attrapes-reves-printaniers-symphonie-florale'  height=\"2548\" width=\"2124\"  itemprop=\"thumbnailUrl\" srcset=\"https:\/\/www.symphonie-florale.com\/fleuriste-juvignac-montpellier\/wp-content\/uploads\/2021\/04\/symphonie-florale-fleuriste-juvignac-96.jpg 2124w, https:\/\/www.symphonie-florale.com\/fleuriste-juvignac-montpellier\/wp-content\/uploads\/2021\/04\/symphonie-florale-fleuriste-juvignac-96-250x300.jpg 250w, https:\/\/www.symphonie-florale.com\/fleuriste-juvignac-montpellier\/wp-content\/uploads\/2021\/04\/symphonie-florale-fleuriste-juvignac-96-859x1030.jpg 859w, https:\/\/www.symphonie-florale.com\/fleuriste-juvignac-montpellier\/wp-content\/uploads\/2021\/04\/symphonie-florale-fleuriste-juvignac-96-768x921.jpg 768w, https:\/\/www.symphonie-florale.com\/fleuriste-juvignac-montpellier\/wp-content\/uploads\/2021\/04\/symphonie-florale-fleuriste-juvignac-96-1280x1536.jpg 1280w, https:\/\/www.symphonie-florale.com\/fleuriste-juvignac-montpellier\/wp-content\/uploads\/2021\/04\/symphonie-florale-fleuriste-juvignac-96-1707x2048.jpg 1707w, https:\/\/www.symphonie-florale.com\/fleuriste-juvignac-montpellier\/wp-content\/uploads\/2021\/04\/symphonie-florale-fleuriste-juvignac-96-1250x1500.jpg 1250w, https:\/\/www.symphonie-florale.com\/fleuriste-juvignac-montpellier\/wp-content\/uploads\/2021\/04\/symphonie-florale-fleuriste-juvignac-96-588x705.jpg 588w\" sizes=\"(max-width: 2124px) 100vw, 2124px\" \/><\/div><\/div><\/div><\/p><\/div>\n","protected":false},"excerpt":{"rendered":"","protected":false},"author":1,"featured_media":0,"parent":13,"menu_order":0,"comment_status":"closed","ping_status":"closed","template":"","meta":[],"yoast_head":"<!-- This site is optimized with the Yoast SEO plugin v17.1 - https:\/\/yoast.com\/wordpress\/plugins\/seo\/ -->\n<title>le printemps est l\u00e0, terrarium xxl, macram\u00e9 suspendus I symphonie florale<\/title>\n<meta name=\"description\" content=\"Le printemps est l\u00e0 : terrarium xxl et macram\u00e9s suspendus pour une d\u00e9coration boh\u00e8me et tendance ! Des petits oliviers pos\u00e9s sur plateau en bois d&#039;olivier\" \/>\n<meta name=\"robots\" content=\"index, follow, max-snippet:-1, max-image-preview:large, max-video-preview:-1\" \/>\n<link rel=\"canonical\" href=\"https:\/\/www.symphonie-florale.com\/fleuriste-juvignac-montpellier\/la-vitrine\/de-jolis-attrapes-reves-printaniers\/\" \/>\n<meta property=\"og:locale\" content=\"fr_FR\" \/>\n<meta property=\"og:type\" content=\"article\" \/>\n<meta property=\"og:title\" content=\"le printemps est l\u00e0, terrarium xxl, macram\u00e9 suspendus I symphonie florale\" \/>\n<meta property=\"og:description\" content=\"Le printemps est l\u00e0 : terrarium xxl et macram\u00e9s suspendus pour une d\u00e9coration boh\u00e8me et tendance ! Des petits oliviers pos\u00e9s sur plateau en bois d&#039;olivier\" \/>\n<meta property=\"og:url\" content=\"https:\/\/www.symphonie-florale.com\/fleuriste-juvignac-montpellier\/la-vitrine\/de-jolis-attrapes-reves-printaniers\/\" \/>\n<meta property=\"og:site_name\" content=\"Symphonie Florale\" \/>\n<meta property=\"article:modified_time\" content=\"2021-09-19T07:23:17+00:00\" \/>\n<meta name=\"twitter:label1\" content=\"Dur\u00e9e de lecture est.\" \/>\n\t<meta name=\"twitter:data1\" content=\"2 minutes\" \/>\n<script type=\"application\/ld+json\" class=\"yoast-schema-graph\">{\"@context\":\"https:\/\/schema.org\",\"@graph\":[{\"@type\":\"WebSite\",\"@id\":\"https:\/\/www.symphonie-florale.com\/fleuriste-juvignac-montpellier\/#website\",\"url\":\"https:\/\/www.symphonie-florale.com\/fleuriste-juvignac-montpellier\/\",\"name\":\"Symphonie Florale\",\"description\":\"Fleuriste \\u00e0 Juvignac Montpellier\",\"potentialAction\":[{\"@type\":\"SearchAction\",\"target\":{\"@type\":\"EntryPoint\",\"urlTemplate\":\"https:\/\/www.symphonie-florale.com\/fleuriste-juvignac-montpellier\/?s={search_term_string}\"},\"query-input\":\"required name=search_term_string\"}],\"inLanguage\":\"fr-FR\"},{\"@type\":\"WebPage\",\"@id\":\"https:\/\/www.symphonie-florale.com\/fleuriste-juvignac-montpellier\/la-vitrine\/de-jolis-attrapes-reves-printaniers\/#webpage\",\"url\":\"https:\/\/www.symphonie-florale.com\/fleuriste-juvignac-montpellier\/la-vitrine\/de-jolis-attrapes-reves-printaniers\/\",\"name\":\"le printemps est l\\u00e0, terrarium xxl, macram\\u00e9 suspendus I symphonie florale\",\"isPartOf\":{\"@id\":\"https:\/\/www.symphonie-florale.com\/fleuriste-juvignac-montpellier\/#website\"},\"datePublished\":\"2021-04-15T08:58:13+00:00\",\"dateModified\":\"2021-09-19T07:23:17+00:00\",\"description\":\"Le printemps est l\\u00e0 : terrarium xxl et macram\\u00e9s suspendus pour une d\\u00e9coration boh\\u00e8me et tendance ! Des petits oliviers pos\\u00e9s sur plateau en bois d'olivier\",\"breadcrumb\":{\"@id\":\"https:\/\/www.symphonie-florale.com\/fleuriste-juvignac-montpellier\/la-vitrine\/de-jolis-attrapes-reves-printaniers\/#breadcrumb\"},\"inLanguage\":\"fr-FR\",\"potentialAction\":[{\"@type\":\"ReadAction\",\"target\":[\"https:\/\/www.symphonie-florale.com\/fleuriste-juvignac-montpellier\/la-vitrine\/de-jolis-attrapes-reves-printaniers\/\"]}]},{\"@type\":\"BreadcrumbList\",\"@id\":\"https:\/\/www.symphonie-florale.com\/fleuriste-juvignac-montpellier\/la-vitrine\/de-jolis-attrapes-reves-printaniers\/#breadcrumb\",\"itemListElement\":[{\"@type\":\"ListItem\",\"position\":1,\"name\":\"Accueil\",\"item\":\"https:\/\/www.symphonie-florale.com\/fleuriste-juvignac-montpellier\/\"},{\"@type\":\"ListItem\",\"position\":2,\"name\":\"La vitrine\",\"item\":\"https:\/\/www.symphonie-florale.com\/fleuriste-juvignac-montpellier\/la-vitrine\/\"},{\"@type\":\"ListItem\",\"position\":3,\"name\":\"De jolis attrapes-r\\u00eaves printaniers\"}]}]}<\/script>\n<!-- \/ Yoast SEO plugin. -->","yoast_head_json":{"title":"le printemps est l\u00e0, terrarium xxl, macram\u00e9 suspendus I symphonie florale","description":"Le printemps est l\u00e0 : terrarium xxl et macram\u00e9s suspendus pour une d\u00e9coration boh\u00e8me et tendance ! Des petits oliviers pos\u00e9s sur plateau en bois d'olivier","robots":{"index":"index","follow":"follow","max-snippet":"max-snippet:-1","max-image-preview":"max-image-preview:large","max-video-preview":"max-video-preview:-1"},"canonical":"https:\/\/www.symphonie-florale.com\/fleuriste-juvignac-montpellier\/la-vitrine\/de-jolis-attrapes-reves-printaniers\/","og_locale":"fr_FR","og_type":"article","og_title":"le printemps est l\u00e0, terrarium xxl, macram\u00e9 suspendus I symphonie florale","og_description":"Le printemps est l\u00e0 : terrarium xxl et macram\u00e9s suspendus pour une d\u00e9coration boh\u00e8me et tendance ! Des petits oliviers pos\u00e9s sur plateau en bois d'olivier","og_url":"https:\/\/www.symphonie-florale.com\/fleuriste-juvignac-montpellier\/la-vitrine\/de-jolis-attrapes-reves-printaniers\/","og_site_name":"Symphonie Florale","article_modified_time":"2021-09-19T07:23:17+00:00","twitter_misc":{"Dur\u00e9e de lecture est.":"2 minutes"},"schema":{"@context":"https:\/\/schema.org","@graph":[{"@type":"WebSite","@id":"https:\/\/www.symphonie-florale.com\/fleuriste-juvignac-montpellier\/#website","url":"https:\/\/www.symphonie-florale.com\/fleuriste-juvignac-montpellier\/","name":"Symphonie Florale","description":"Fleuriste \u00e0 Juvignac Montpellier","potentialAction":[{"@type":"SearchAction","target":{"@type":"EntryPoint","urlTemplate":"https:\/\/www.symphonie-florale.com\/fleuriste-juvignac-montpellier\/?s={search_term_string}"},"query-input":"required name=search_term_string"}],"inLanguage":"fr-FR"},{"@type":"WebPage","@id":"https:\/\/www.symphonie-florale.com\/fleuriste-juvignac-montpellier\/la-vitrine\/de-jolis-attrapes-reves-printaniers\/#webpage","url":"https:\/\/www.symphonie-florale.com\/fleuriste-juvignac-montpellier\/la-vitrine\/de-jolis-attrapes-reves-printaniers\/","name":"le printemps est l\u00e0, terrarium xxl, macram\u00e9 suspendus I symphonie florale","isPartOf":{"@id":"https:\/\/www.symphonie-florale.com\/fleuriste-juvignac-montpellier\/#website"},"datePublished":"2021-04-15T08:58:13+00:00","dateModified":"2021-09-19T07:23:17+00:00","description":"Le printemps est l\u00e0 : terrarium xxl et macram\u00e9s suspendus pour une d\u00e9coration boh\u00e8me et tendance ! Des petits oliviers pos\u00e9s sur plateau en bois d'olivier","breadcrumb":{"@id":"https:\/\/www.symphonie-florale.com\/fleuriste-juvignac-montpellier\/la-vitrine\/de-jolis-attrapes-reves-printaniers\/#breadcrumb"},"inLanguage":"fr-FR","potentialAction":[{"@type":"ReadAction","target":["https:\/\/www.symphonie-florale.com\/fleuriste-juvignac-montpellier\/la-vitrine\/de-jolis-attrapes-reves-printaniers\/"]}]},{"@type":"BreadcrumbList","@id":"https:\/\/www.symphonie-florale.com\/fleuriste-juvignac-montpellier\/la-vitrine\/de-jolis-attrapes-reves-printaniers\/#breadcrumb","itemListElement":[{"@type":"ListItem","position":1,"name":"Accueil","item":"https:\/\/www.symphonie-florale.com\/fleuriste-juvignac-montpellier\/"},{"@type":"ListItem","position":2,"name":"La vitrine","item":"https:\/\/www.symphonie-florale.com\/fleuriste-juvignac-montpellier\/la-vitrine\/"},{"@type":"ListItem","position":3,"name":"De jolis attrapes-r\u00eaves printaniers"}]}]}},"_links":{"self":[{"href":"https:\/\/www.symphonie-florale.com\/fleuriste-juvignac-montpellier\/wp-json\/wp\/v2\/pages\/2417"}],"collection":[{"href":"https:\/\/www.symphonie-florale.com\/fleuriste-juvignac-montpellier\/wp-json\/wp\/v2\/pages"}],"about":[{"href":"https:\/\/www.symphonie-florale.com\/fleuriste-juvignac-montpellier\/wp-json\/wp\/v2\/types\/page"}],"author":[{"embeddable":true,"href":"https:\/\/www.symphonie-florale.com\/fleuriste-juvignac-montpellier\/wp-json\/wp\/v2\/users\/1"}],"replies":[{"embeddable":true,"href":"https:\/\/www.symphonie-florale.com\/fleuriste-juvignac-montpellier\/wp-json\/wp\/v2\/comments?post=2417"}],"version-history":[{"count":5,"href":"https:\/\/www.symphonie-florale.com\/fleuriste-juvignac-montpellier\/wp-json\/wp\/v2\/pages\/2417\/revisions"}],"predecessor-version":[{"id":2488,"href":"https:\/\/www.symphonie-florale.com\/fleuriste-juvignac-montpellier\/wp-json\/wp\/v2\/pages\/2417\/revisions\/2488"}],"up":[{"embeddable":true,"href":"https:\/\/www.symphonie-florale.com\/fleuriste-juvignac-montpellier\/wp-json\/wp\/v2\/pages\/13"}],"wp:attachment":[{"href":"https:\/\/www.symphonie-florale.com\/fleuriste-juvignac-montpellier\/wp-json\/wp\/v2\/media?parent=2417"}],"curies":[{"name":"wp","href":"https:\/\/api.w.org\/{rel}","templated":true}]}}